{"id":996,"date":"2024-07-29T14:50:36","date_gmt":"2024-07-29T14:50:36","guid":{"rendered":"https:\/\/greenglam.at\/?post_type=tribe_events&#038;p=996"},"modified":"2024-07-29T14:52:42","modified_gmt":"2024-07-29T14:52:42","slug":"996","status":"publish","type":"tribe_events","link":"https:\/\/greenglam.at\/en\/event\/996\/","title":{"rendered":"International Conference on the Inclusive Museum 2024"},"content":{"rendered":"<p>Vom 13. bis 15. September 2024 findet die <strong>17. Internationale Konferenz zum inklusiven Museum im MuseumsQuartier<\/strong> in Wien statt.<\/p>\n<p>Das 2008 gegr\u00fcndete Inclusive Museum Research Network (Netzwerk f\u00fcr integrative Museumsforschung) wurde aus der gemeinsamen Sorge um die k\u00fcnftige Rolle des Museums und die Frage, wie es integrativer werden kann, gegr\u00fcndet. Wir versuchen, eine epistemische Gemeinschaft aufzubauen, in der wir Verbindungen \u00fcber disziplin\u00e4re, geografische und kulturelle Grenzen hinweg herstellen k\u00f6nnen. Als Forschungsnetzwerk definieren wir uns durch unseren Aufgabenbereich und unsere Anliegen und sind motiviert, Handlungsstrategien zu entwickeln, die durch unsere gemeinsamen Themen und Spannungen bestimmt werden.<\/p>\n<p>Die 17. Internationale Konferenz zum inklusiven Museum ruft zu Forschungsarbeiten auf, die sich mit den folgenden Jahresthemen und besonderen Schwerpunkten befassen: <strong>Museen, Inklusion und SDGs<\/strong><\/p>\n<p><a href=\"https:\/\/onmuseums.com\/2024-conference\/registration\">Hier anmelden<\/a><\/p>","protected":false},"excerpt":{"rendered":"<p>Vom 13. bis 15. September 2024 findet die 17. Internationale [&hellip;]<\/p>","protected":false},"author":28,"featured_media":997,"template":"","meta":{"_tribe_events_status":"","_tribe_events_status_reason":"","footnotes":""},"tags":[15],"tribe_events_cat":[11,12],"class_list":["post-996","tribe_events","type-tribe_events","status-publish","has-post-thumbnail","hentry","tag-event","tribe_events_cat-events","tribe_events_cat-upcoming-events","cat_events","cat_upcoming-events"],"yoast_head":"<!-- This site is optimized with the Yoast SEO plugin v26.3 - https:\/\/yoast.com\/wordpress\/plugins\/seo\/ -->\n<title>International Conference on the Inclusive Museum 2024 - GreenGLAM<\/title>\n<meta name=\"robots\" content=\"index, follow, max-snippet:-1, max-image-preview:large, max-video-preview:-1\" \/>\n<link rel=\"canonical\" href=\"https:\/\/greenglam.at\/en\/event\/996\/\" \/>\n<meta property=\"og:locale\" content=\"en_GB\" \/>\n<meta property=\"og:type\" content=\"article\" \/>\n<meta property=\"og:title\" content=\"International Conference on the Inclusive Museum 2024 - GreenGLAM\" \/>\n<meta property=\"og:description\" content=\"Vom 13. bis 15. September 2024 findet die 17. Internationale [&hellip;]\" \/>\n<meta property=\"og:url\" content=\"https:\/\/greenglam.at\/en\/event\/996\/\" \/>\n<meta property=\"og:site_name\" content=\"GreenGLAM\" \/>\n<meta property=\"article:modified_time\" content=\"2024-07-29T14:52:42+00:00\" \/>\n<meta property=\"og:image\" content=\"https:\/\/greenglam.at\/wp-content\/uploads\/2024\/07\/Weltmuseum2024-e1722264609449.png\" \/>\n\t<meta property=\"og:image:width\" content=\"828\" \/>\n\t<meta property=\"og:image:height\" content=\"464\" \/>\n\t<meta property=\"og:image:type\" content=\"image\/png\" \/>\n<meta name=\"twitter:card\" content=\"summary_large_image\" \/>\n<meta name=\"twitter:label1\" content=\"Estimated reading time\" \/>\n\t<meta name=\"twitter:data1\" content=\"1 minute\" \/>\n<script type=\"application\/ld+json\" class=\"yoast-schema-graph\">{\"@context\":\"https:\/\/schema.org\",\"@graph\":[{\"@type\":\"WebPage\",\"@id\":\"https:\/\/greenglam.at\/event\/996\/\",\"url\":\"https:\/\/greenglam.at\/event\/996\/\",\"name\":\"International Conference on the Inclusive Museum 2024 - GreenGLAM\",\"isPartOf\":{\"@id\":\"https:\/\/greenglam.at\/#website\"},\"primaryImageOfPage\":{\"@id\":\"https:\/\/greenglam.at\/event\/996\/#primaryimage\"},\"image\":{\"@id\":\"https:\/\/greenglam.at\/event\/996\/#primaryimage\"},\"thumbnailUrl\":\"https:\/\/greenglam.at\/wp-content\/uploads\/2024\/07\/Weltmuseum2024-e1722264609449.png\",\"datePublished\":\"2024-07-29T14:50:36+00:00\",\"dateModified\":\"2024-07-29T14:52:42+00:00\",\"breadcrumb\":{\"@id\":\"https:\/\/greenglam.at\/event\/996\/#breadcrumb\"},\"inLanguage\":\"en-GB\",\"potentialAction\":[{\"@type\":\"ReadAction\",\"target\":[\"https:\/\/greenglam.at\/event\/996\/\"]}]},{\"@type\":\"ImageObject\",\"inLanguage\":\"en-GB\",\"@id\":\"https:\/\/greenglam.at\/event\/996\/#primaryimage\",\"url\":\"https:\/\/greenglam.at\/wp-content\/uploads\/2024\/07\/Weltmuseum2024-e1722264609449.png\",\"contentUrl\":\"https:\/\/greenglam.at\/wp-content\/uploads\/2024\/07\/Weltmuseum2024-e1722264609449.png\",\"width\":828,\"height\":464},{\"@type\":\"BreadcrumbList\",\"@id\":\"https:\/\/greenglam.at\/event\/996\/#breadcrumb\",\"itemListElement\":[{\"@type\":\"ListItem\",\"position\":1,\"name\":\"Home\",\"item\":\"https:\/\/greenglam.at\/\"},{\"@type\":\"ListItem\",\"position\":2,\"name\":\"Events\",\"item\":\"https:\/\/greenglam.at\/events\/\"},{\"@type\":\"ListItem\",\"position\":3,\"name\":\"International Conference on the Inclusive Museum 2024\"}]},{\"@type\":\"WebSite\",\"@id\":\"https:\/\/greenglam.at\/#website\",\"url\":\"https:\/\/greenglam.at\/\",\"name\":\"GreenGLAM\",\"description\":\"\",\"potentialAction\":[{\"@type\":\"SearchAction\",\"target\":{\"@type\":\"EntryPoint\",\"urlTemplate\":\"https:\/\/greenglam.at\/?s={search_term_string}\"},\"query-input\":{\"@type\":\"PropertyValueSpecification\",\"valueRequired\":true,\"valueName\":\"search_term_string\"}}],\"inLanguage\":\"en-GB\"}]}<\/script>\n<!-- \/ Yoast SEO plugin. -->","yoast_head_json":{"title":"International Conference on the Inclusive Museum 2024 - GreenGLAM","robots":{"index":"index","follow":"follow","max-snippet":"max-snippet:-1","max-image-preview":"max-image-preview:large","max-video-preview":"max-video-preview:-1"},"canonical":"https:\/\/greenglam.at\/en\/event\/996\/","og_locale":"en_GB","og_type":"article","og_title":"International Conference on the Inclusive Museum 2024 - GreenGLAM","og_description":"Vom 13. bis 15. September 2024 findet die 17. Internationale [&hellip;]","og_url":"https:\/\/greenglam.at\/en\/event\/996\/","og_site_name":"GreenGLAM","article_modified_time":"2024-07-29T14:52:42+00:00","og_image":[{"width":828,"height":464,"url":"https:\/\/greenglam.at\/wp-content\/uploads\/2024\/07\/Weltmuseum2024-e1722264609449.png","type":"image\/png"}],"twitter_card":"summary_large_image","twitter_misc":{"Estimated reading time":"1 minute"},"schema":{"@context":"https:\/\/schema.org","@graph":[{"@type":"WebPage","@id":"https:\/\/greenglam.at\/event\/996\/","url":"https:\/\/greenglam.at\/event\/996\/","name":"International Conference on the Inclusive Museum 2024 - GreenGLAM","isPartOf":{"@id":"https:\/\/greenglam.at\/#website"},"primaryImageOfPage":{"@id":"https:\/\/greenglam.at\/event\/996\/#primaryimage"},"image":{"@id":"https:\/\/greenglam.at\/event\/996\/#primaryimage"},"thumbnailUrl":"https:\/\/greenglam.at\/wp-content\/uploads\/2024\/07\/Weltmuseum2024-e1722264609449.png","datePublished":"2024-07-29T14:50:36+00:00","dateModified":"2024-07-29T14:52:42+00:00","breadcrumb":{"@id":"https:\/\/greenglam.at\/event\/996\/#breadcrumb"},"inLanguage":"en-GB","potentialAction":[{"@type":"ReadAction","target":["https:\/\/greenglam.at\/event\/996\/"]}]},{"@type":"ImageObject","inLanguage":"en-GB","@id":"https:\/\/greenglam.at\/event\/996\/#primaryimage","url":"https:\/\/greenglam.at\/wp-content\/uploads\/2024\/07\/Weltmuseum2024-e1722264609449.png","contentUrl":"https:\/\/greenglam.at\/wp-content\/uploads\/2024\/07\/Weltmuseum2024-e1722264609449.png","width":828,"height":464},{"@type":"BreadcrumbList","@id":"https:\/\/greenglam.at\/event\/996\/#breadcrumb","itemListElement":[{"@type":"ListItem","position":1,"name":"Home","item":"https:\/\/greenglam.at\/"},{"@type":"ListItem","position":2,"name":"Events","item":"https:\/\/greenglam.at\/events\/"},{"@type":"ListItem","position":3,"name":"International Conference on the Inclusive Museum 2024"}]},{"@type":"WebSite","@id":"https:\/\/greenglam.at\/#website","url":"https:\/\/greenglam.at\/","name":"GreenGLAM project","description":"","potentialAction":[{"@type":"SearchAction","target":{"@type":"EntryPoint","urlTemplate":"https:\/\/greenglam.at\/?s={search_term_string}"},"query-input":{"@type":"PropertyValueSpecification","valueRequired":true,"valueName":"search_term_string"}}],"inLanguage":"en-GB"}]}},"_links":{"self":[{"href":"https:\/\/greenglam.at\/en\/wp-json\/wp\/v2\/tribe_events\/996","targetHints":{"allow":["GET"]}}],"collection":[{"href":"https:\/\/greenglam.at\/en\/wp-json\/wp\/v2\/tribe_events"}],"about":[{"href":"https:\/\/greenglam.at\/en\/wp-json\/wp\/v2\/types\/tribe_events"}],"author":[{"embeddable":true,"href":"https:\/\/greenglam.at\/en\/wp-json\/wp\/v2\/users\/28"}],"version-history":[{"count":3,"href":"https:\/\/greenglam.at\/en\/wp-json\/wp\/v2\/tribe_events\/996\/revisions"}],"predecessor-version":[{"id":1001,"href":"https:\/\/greenglam.at\/en\/wp-json\/wp\/v2\/tribe_events\/996\/revisions\/1001"}],"wp:featuredmedia":[{"embeddable":true,"href":"https:\/\/greenglam.at\/en\/wp-json\/wp\/v2\/media\/997"}],"wp:attachment":[{"href":"https:\/\/greenglam.at\/en\/wp-json\/wp\/v2\/media?parent=996"}],"wp:term":[{"taxonomy":"post_tag","embeddable":true,"href":"https:\/\/greenglam.at\/en\/wp-json\/wp\/v2\/tags?post=996"},{"taxonomy":"tribe_events_cat","embeddable":true,"href":"https:\/\/greenglam.at\/en\/wp-json\/wp\/v2\/tribe_events_cat?post=996"}],"curies":[{"name":"wp","href":"https:\/\/api.w.org\/{rel}","templated":true}]}}

<p>Vom 13. bis 15. September 2024 findet die <strong>17. Internationale Konferenz zum inklusiven Museum im MuseumsQuartier</strong> in Wien statt.</p>
<p>Das 2008 gegründete Inclusive Museum Research Network (Netzwerk für integrative Museumsforschung) wurde aus der gemeinsamen Sorge um die künftige Rolle des Museums und die Frage, wie es integrativer werden kann, gegründet. Wir versuchen, eine epistemische Gemeinschaft aufzubauen, in der wir Verbindungen über disziplinäre, geografische und kulturelle Grenzen hinweg herstellen können. Als Forschungsnetzwerk definieren wir uns durch unseren Aufgabenbereich und unsere Anliegen und sind motiviert, Handlungsstrategien zu entwickeln, die durch unsere gemeinsamen Themen und Spannungen bestimmt werden.</p>
<p>Die 17. Internationale Konferenz zum inklusiven Museum ruft zu Forschungsarbeiten auf, die sich mit den folgenden Jahresthemen und besonderen Schwerpunkten befassen: <strong>Museen, Inklusion und SDGs</strong></p>
<p><a href="https://onmuseums.com/2024-conference/registration">Hier anmelden</a></p>
