{"id":1064,"date":"2024-12-02T08:53:03","date_gmt":"2024-12-02T08:53:03","guid":{"rendered":"https:\/\/greenglam.at\/?post_type=tribe_events&#038;p=1064"},"modified":"2024-12-02T08:53:58","modified_gmt":"2024-12-02T08:53:58","slug":"the-art-museum-in-the-digital-age-2025","status":"publish","type":"tribe_events","link":"https:\/\/greenglam.at\/en\/event\/the-art-museum-in-the-digital-age-2025\/","title":{"rendered":"The Art Museum in the Digital Age \u2013 2025"},"content":{"rendered":"<p>Vom 20. bis 24. J\u00e4nner 2025 findet die internationale online Konferenz &#8222;The Art Museum in the Digiatel Age&#8220; statt.<\/p>\n<p>Die siebte Ausgabe dieser Konferenzreihe widmet sich den ethischen und sozialen Implikationen der digitalen Transformation in Museen. Dabei wird untersucht, wie digitale Technologien die Zug\u00e4nglichkeit, Interaktivit\u00e4t und Vermittlung kulturellen Erbes f\u00f6rdern k\u00f6nnen, ohne dabei ethische Grunds\u00e4tze wie Datenschutz, Nachhaltigkeit und Vielfalt zu vernachl\u00e4ssigen. Themen wie K\u00fcnstliche Intelligenz, inklusive Darstellungen, partizipative Ans\u00e4tze und nachhaltige Digitalisierung stehen im Fokus. Ziel der Konferenz ist es, digitale Technologien im Sinne eines digitalen Humanismus in die Museumsarbeit zu integrieren und dabei den Austausch von Best Practices sowie die Entwicklung zukunftsweisender Strategien zu f\u00f6rdern.<\/p>\n<p>Alle Vortr\u00e4ge werden online gehalten. Die Podiumsdiskussion und ein Workshop f\u00fcr registrierte Teilnehmer:innen (Freitag) finden zudem vor Ort im Belvedere, Wien, statt. Die Teilnahme an der Konferenz ist kostenlos.<\/p>","protected":false},"excerpt":{"rendered":"<p>Vom 20. bis 24. J\u00e4nner 2025 findet die internationale online [&hellip;]<\/p>","protected":false},"author":28,"featured_media":1065,"template":"","meta":{"_tribe_events_status":"","_tribe_events_status_reason":"","footnotes":""},"tags":[],"tribe_events_cat":[11,12],"class_list":["post-1064","tribe_events","type-tribe_events","status-publish","has-post-thumbnail","hentry","tribe_events_cat-events","tribe_events_cat-upcoming-events","cat_events","cat_upcoming-events"],"yoast_head":"<!-- This site is optimized with the Yoast SEO plugin v26.3 - https:\/\/yoast.com\/wordpress\/plugins\/seo\/ -->\n<title>The Art Museum in the Digital Age \u2013 2025 - GreenGLAM<\/title>\n<meta name=\"robots\" content=\"index, follow, max-snippet:-1, max-image-preview:large, max-video-preview:-1\" \/>\n<link rel=\"canonical\" href=\"https:\/\/greenglam.at\/en\/event\/the-art-museum-in-the-digital-age-2025\/\" \/>\n<meta property=\"og:locale\" content=\"en_GB\" \/>\n<meta property=\"og:type\" content=\"article\" \/>\n<meta property=\"og:title\" content=\"The Art Museum in the Digital Age \u2013 2025 - GreenGLAM\" \/>\n<meta property=\"og:description\" content=\"Vom 20. bis 24. J\u00e4nner 2025 findet die internationale online [&hellip;]\" \/>\n<meta property=\"og:url\" content=\"https:\/\/greenglam.at\/en\/event\/the-art-museum-in-the-digital-age-2025\/\" \/>\n<meta property=\"og:site_name\" content=\"GreenGLAM\" \/>\n<meta property=\"article:modified_time\" content=\"2024-12-02T08:53:58+00:00\" \/>\n<meta property=\"og:image\" content=\"https:\/\/greenglam.at\/wp-content\/uploads\/2024\/12\/The-Art-Museum_GreenGLAM-e1733129549553.png\" \/>\n\t<meta property=\"og:image:width\" content=\"908\" \/>\n\t<meta property=\"og:image:height\" content=\"412\" \/>\n\t<meta property=\"og:image:type\" content=\"image\/png\" \/>\n<meta name=\"twitter:card\" content=\"summary_large_image\" \/>\n<meta name=\"twitter:label1\" content=\"Estimated reading time\" \/>\n\t<meta name=\"twitter:data1\" content=\"1 minute\" \/>\n<script type=\"application\/ld+json\" class=\"yoast-schema-graph\">{\"@context\":\"https:\/\/schema.org\",\"@graph\":[{\"@type\":\"WebPage\",\"@id\":\"https:\/\/greenglam.at\/event\/the-art-museum-in-the-digital-age-2025\/\",\"url\":\"https:\/\/greenglam.at\/event\/the-art-museum-in-the-digital-age-2025\/\",\"name\":\"The Art Museum in the Digital Age \u2013 2025 - GreenGLAM\",\"isPartOf\":{\"@id\":\"https:\/\/greenglam.at\/#website\"},\"primaryImageOfPage\":{\"@id\":\"https:\/\/greenglam.at\/event\/the-art-museum-in-the-digital-age-2025\/#primaryimage\"},\"image\":{\"@id\":\"https:\/\/greenglam.at\/event\/the-art-museum-in-the-digital-age-2025\/#primaryimage\"},\"thumbnailUrl\":\"https:\/\/greenglam.at\/wp-content\/uploads\/2024\/12\/The-Art-Museum_GreenGLAM-e1733129549553.png\",\"datePublished\":\"2024-12-02T08:53:03+00:00\",\"dateModified\":\"2024-12-02T08:53:58+00:00\",\"breadcrumb\":{\"@id\":\"https:\/\/greenglam.at\/event\/the-art-museum-in-the-digital-age-2025\/#breadcrumb\"},\"inLanguage\":\"en-GB\",\"potentialAction\":[{\"@type\":\"ReadAction\",\"target\":[\"https:\/\/greenglam.at\/event\/the-art-museum-in-the-digital-age-2025\/\"]}]},{\"@type\":\"ImageObject\",\"inLanguage\":\"en-GB\",\"@id\":\"https:\/\/greenglam.at\/event\/the-art-museum-in-the-digital-age-2025\/#primaryimage\",\"url\":\"https:\/\/greenglam.at\/wp-content\/uploads\/2024\/12\/The-Art-Museum_GreenGLAM-e1733129549553.png\",\"contentUrl\":\"https:\/\/greenglam.at\/wp-content\/uploads\/2024\/12\/The-Art-Museum_GreenGLAM-e1733129549553.png\",\"width\":908,\"height\":412},{\"@type\":\"BreadcrumbList\",\"@id\":\"https:\/\/greenglam.at\/event\/the-art-museum-in-the-digital-age-2025\/#breadcrumb\",\"itemListElement\":[{\"@type\":\"ListItem\",\"position\":1,\"name\":\"Home\",\"item\":\"https:\/\/greenglam.at\/\"},{\"@type\":\"ListItem\",\"position\":2,\"name\":\"Events\",\"item\":\"https:\/\/greenglam.at\/events\/\"},{\"@type\":\"ListItem\",\"position\":3,\"name\":\"The Art Museum in the Digital Age \u2013 2025\"}]},{\"@type\":\"WebSite\",\"@id\":\"https:\/\/greenglam.at\/#website\",\"url\":\"https:\/\/greenglam.at\/\",\"name\":\"GreenGLAM\",\"description\":\"\",\"potentialAction\":[{\"@type\":\"SearchAction\",\"target\":{\"@type\":\"EntryPoint\",\"urlTemplate\":\"https:\/\/greenglam.at\/?s={search_term_string}\"},\"query-input\":{\"@type\":\"PropertyValueSpecification\",\"valueRequired\":true,\"valueName\":\"search_term_string\"}}],\"inLanguage\":\"en-GB\"}]}<\/script>\n<!-- \/ Yoast SEO plugin. -->","yoast_head_json":{"title":"The Art Museum in the Digital Age \u2013 2025 - GreenGLAM","robots":{"index":"index","follow":"follow","max-snippet":"max-snippet:-1","max-image-preview":"max-image-preview:large","max-video-preview":"max-video-preview:-1"},"canonical":"https:\/\/greenglam.at\/en\/event\/the-art-museum-in-the-digital-age-2025\/","og_locale":"en_GB","og_type":"article","og_title":"The Art Museum in the Digital Age \u2013 2025 - GreenGLAM","og_description":"Vom 20. bis 24. J\u00e4nner 2025 findet die internationale online [&hellip;]","og_url":"https:\/\/greenglam.at\/en\/event\/the-art-museum-in-the-digital-age-2025\/","og_site_name":"GreenGLAM","article_modified_time":"2024-12-02T08:53:58+00:00","og_image":[{"width":908,"height":412,"url":"https:\/\/greenglam.at\/wp-content\/uploads\/2024\/12\/The-Art-Museum_GreenGLAM-e1733129549553.png","type":"image\/png"}],"twitter_card":"summary_large_image","twitter_misc":{"Estimated reading time":"1 minute"},"schema":{"@context":"https:\/\/schema.org","@graph":[{"@type":"WebPage","@id":"https:\/\/greenglam.at\/event\/the-art-museum-in-the-digital-age-2025\/","url":"https:\/\/greenglam.at\/event\/the-art-museum-in-the-digital-age-2025\/","name":"The Art Museum in the Digital Age \u2013 2025 - GreenGLAM","isPartOf":{"@id":"https:\/\/greenglam.at\/#website"},"primaryImageOfPage":{"@id":"https:\/\/greenglam.at\/event\/the-art-museum-in-the-digital-age-2025\/#primaryimage"},"image":{"@id":"https:\/\/greenglam.at\/event\/the-art-museum-in-the-digital-age-2025\/#primaryimage"},"thumbnailUrl":"https:\/\/greenglam.at\/wp-content\/uploads\/2024\/12\/The-Art-Museum_GreenGLAM-e1733129549553.png","datePublished":"2024-12-02T08:53:03+00:00","dateModified":"2024-12-02T08:53:58+00:00","breadcrumb":{"@id":"https:\/\/greenglam.at\/event\/the-art-museum-in-the-digital-age-2025\/#breadcrumb"},"inLanguage":"en-GB","potentialAction":[{"@type":"ReadAction","target":["https:\/\/greenglam.at\/event\/the-art-museum-in-the-digital-age-2025\/"]}]},{"@type":"ImageObject","inLanguage":"en-GB","@id":"https:\/\/greenglam.at\/event\/the-art-museum-in-the-digital-age-2025\/#primaryimage","url":"https:\/\/greenglam.at\/wp-content\/uploads\/2024\/12\/The-Art-Museum_GreenGLAM-e1733129549553.png","contentUrl":"https:\/\/greenglam.at\/wp-content\/uploads\/2024\/12\/The-Art-Museum_GreenGLAM-e1733129549553.png","width":908,"height":412},{"@type":"BreadcrumbList","@id":"https:\/\/greenglam.at\/event\/the-art-museum-in-the-digital-age-2025\/#breadcrumb","itemListElement":[{"@type":"ListItem","position":1,"name":"Home","item":"https:\/\/greenglam.at\/"},{"@type":"ListItem","position":2,"name":"Events","item":"https:\/\/greenglam.at\/events\/"},{"@type":"ListItem","position":3,"name":"The Art Museum in the Digital Age \u2013 2025"}]},{"@type":"WebSite","@id":"https:\/\/greenglam.at\/#website","url":"https:\/\/greenglam.at\/","name":"GreenGLAM project","description":"","potentialAction":[{"@type":"SearchAction","target":{"@type":"EntryPoint","urlTemplate":"https:\/\/greenglam.at\/?s={search_term_string}"},"query-input":{"@type":"PropertyValueSpecification","valueRequired":true,"valueName":"search_term_string"}}],"inLanguage":"en-GB"}]}},"_links":{"self":[{"href":"https:\/\/greenglam.at\/en\/wp-json\/wp\/v2\/tribe_events\/1064","targetHints":{"allow":["GET"]}}],"collection":[{"href":"https:\/\/greenglam.at\/en\/wp-json\/wp\/v2\/tribe_events"}],"about":[{"href":"https:\/\/greenglam.at\/en\/wp-json\/wp\/v2\/types\/tribe_events"}],"author":[{"embeddable":true,"href":"https:\/\/greenglam.at\/en\/wp-json\/wp\/v2\/users\/28"}],"version-history":[{"count":1,"href":"https:\/\/greenglam.at\/en\/wp-json\/wp\/v2\/tribe_events\/1064\/revisions"}],"predecessor-version":[{"id":1068,"href":"https:\/\/greenglam.at\/en\/wp-json\/wp\/v2\/tribe_events\/1064\/revisions\/1068"}],"wp:featuredmedia":[{"embeddable":true,"href":"https:\/\/greenglam.at\/en\/wp-json\/wp\/v2\/media\/1065"}],"wp:attachment":[{"href":"https:\/\/greenglam.at\/en\/wp-json\/wp\/v2\/media?parent=1064"}],"wp:term":[{"taxonomy":"post_tag","embeddable":true,"href":"https:\/\/greenglam.at\/en\/wp-json\/wp\/v2\/tags?post=1064"},{"taxonomy":"tribe_events_cat","embeddable":true,"href":"https:\/\/greenglam.at\/en\/wp-json\/wp\/v2\/tribe_events_cat?post=1064"}],"curies":[{"name":"wp","href":"https:\/\/api.w.org\/{rel}","templated":true}]}}

<p>Vom 20. bis 24. Jänner 2025 findet die internationale online Konferenz &#8222;The Art Museum in the Digiatel Age&#8220; statt.</p>
<p>Die siebte Ausgabe dieser Konferenzreihe widmet sich den ethischen und sozialen Implikationen der digitalen Transformation in Museen. Dabei wird untersucht, wie digitale Technologien die Zugänglichkeit, Interaktivität und Vermittlung kulturellen Erbes fördern können, ohne dabei ethische Grundsätze wie Datenschutz, Nachhaltigkeit und Vielfalt zu vernachlässigen. Themen wie Künstliche Intelligenz, inklusive Darstellungen, partizipative Ansätze und nachhaltige Digitalisierung stehen im Fokus. Ziel der Konferenz ist es, digitale Technologien im Sinne eines digitalen Humanismus in die Museumsarbeit zu integrieren und dabei den Austausch von Best Practices sowie die Entwicklung zukunftsweisender Strategien zu fördern.</p>
<p>Alle Vorträge werden online gehalten. Die Podiumsdiskussion und ein Workshop für registrierte Teilnehmer:innen (Freitag) finden zudem vor Ort im Belvedere, Wien, statt. Die Teilnahme an der Konferenz ist kostenlos.</p>

<p>Vom 20. bis 24. Jänner 2025 findet die internationale online [&hellip;]</p>

<!-- This site is optimized with the Yoast SEO plugin v26.3 - https://yoast.com/wordpress/plugins/seo/ -->
<title>The Art Museum in the Digital Age – 2025 - GreenGLAM</title>
<meta name="robots" content="index, follow, max-snippet:-1, max-image-preview:large, max-video-preview:-1" />
<link rel="canonical" href="https://greenglam.at/en/event/the-art-museum-in-the-digital-age-2025/" />
<meta property="og:locale" content="en_GB" />
<meta property="og:type" content="article" />
<meta property="og:title" content="The Art Museum in the Digital Age – 2025 - GreenGLAM" />
<meta property="og:description" content="Vom 20. bis 24. Jänner 2025 findet die internationale online [&hellip;]" />
<meta property="og:url" content="https://greenglam.at/en/event/the-art-museum-in-the-digital-age-2025/" />
<meta property="og:site_name" content="GreenGLAM" />
<meta property="article:modified_time" content="2024-12-02T08:53:58+00:00" />
<meta property="og:image" content="https://greenglam.at/wp-content/uploads/2024/12/The-Art-Museum_GreenGLAM-e1733129549553.png" />
	<meta property="og:image:width" content="908" />
	<meta property="og:image:height" content="412" />
	<meta property="og:image:type" content="image/png" />
<meta name="twitter:card" content="summary_large_image" />
<meta name="twitter:label1" content="Estimated reading time" />
	<meta name="twitter:data1" content="1 minute" />
<script type="application/ld+json" class="yoast-schema-graph">{"@context":"https://schema.org","@graph":[{"@type":"WebPage","@id":"https://greenglam.at/event/the-art-museum-in-the-digital-age-2025/","url":"https://greenglam.at/event/the-art-museum-in-the-digital-age-2025/","name":"The Art Museum in the Digital Age – 2025 - GreenGLAM","isPartOf":{"@id":"https://greenglam.at/#website"},"primaryImageOfPage":{"@id":"https://greenglam.at/event/the-art-museum-in-the-digital-age-2025/#primaryimage"},"image":{"@id":"https://greenglam.at/event/the-art-museum-in-the-digital-age-2025/#primaryimage"},"thumbnailUrl":"https://greenglam.at/wp-content/uploads/2024/12/The-Art-Museum_GreenGLAM-e1733129549553.png","datePublished":"2024-12-02T08:53:03+00:00","dateModified":"2024-12-02T08:53:58+00:00","breadcrumb":{"@id":"https://greenglam.at/event/the-art-museum-in-the-digital-age-2025/#breadcrumb"},"inLanguage":"en-GB","potentialAction":[{"@type":"ReadAction","target":["https://greenglam.at/event/the-art-museum-in-the-digital-age-2025/"]}]},{"@type":"ImageObject","inLanguage":"en-GB","@id":"https://greenglam.at/event/the-art-museum-in-the-digital-age-2025/#primaryimage","url":"https://greenglam.at/wp-content/uploads/2024/12/The-Art-Museum_GreenGLAM-e1733129549553.png","contentUrl":"https://greenglam.at/wp-content/uploads/2024/12/The-Art-Museum_GreenGLAM-e1733129549553.png","width":908,"height":412},{"@type":"BreadcrumbList","@id":"https://greenglam.at/event/the-art-museum-in-the-digital-age-2025/#breadcrumb","itemListElement":[{"@type":"ListItem","position":1,"name":"Home","item":"https://greenglam.at/"},{"@type":"ListItem","position":2,"name":"Events","item":"https://greenglam.at/events/"},{"@type":"ListItem","position":3,"name":"The Art Museum in the Digital Age – 2025"}]},{"@type":"WebSite","@id":"https://greenglam.at/#website","url":"https://greenglam.at/","name":"GreenGLAM","description":"","potentialAction":[{"@type":"SearchAction","target":{"@type":"EntryPoint","urlTemplate":"https://greenglam.at/?s={search_term_string}"},"query-input":{"@type":"PropertyValueSpecification","valueRequired":true,"valueName":"search_term_string"}}],"inLanguage":"en-GB"}]}</script>
<!-- / Yoast SEO plugin. -->

Vom 20. bis 24. Jänner 2025 findet die internationale online [&hellip;]
